{"id":96,"date":"2025-12-01T15:34:16","date_gmt":"2025-12-01T15:34:16","guid":{"rendered":"https:\/\/mrovira.santcugatesn.com\/?post_type=product&#038;p=96"},"modified":"2025-12-17T21:36:09","modified_gmt":"2025-12-17T21:36:09","slug":"cafe-proteico-frio-coffit","status":"publish","type":"product","link":"https:\/\/mrovira.santcugatesn.com\/index.php\/product\/cafe-proteico-frio-coffit\/","title":{"rendered":"Pack B\u00e1sico 96 Latas"},"content":{"rendered":"<article class=\"text-token-text-primary w-full focus:outline-none [--shadow-height:45px] has-data-writing-block:pointer-events-none has-data-writing-block:-mt-(--shadow-height) has-data-writing-block:pt-(--shadow-height) [&amp;:has([data-writing-block])&gt;*]:pointer-events-auto [content-visibility:auto] supports-[content-visibility:auto]:[contain-intrinsic-size:auto_100lvh] scroll-mt-[calc(var(--header-height)+min(200px,max(70px,20svh)))]\" dir=\"auto\" tabindex=\"-1\" data-turn-id=\"0e19d28a-d09b-47d5-84ab-f42ea53fe573\" data-testid=\"conversation-turn-4\" data-scroll-anchor=\"false\" data-turn=\"assistant\">\n<div class=\"text-base my-auto mx-auto [--thread-content-margin:--spacing(4)] thread-sm:[--thread-content-margin:--spacing(6)] thread-lg:[--thread-content-margin:--spacing(16)] px-(--thread-content-margin)\">\n<div class=\"[--thread-content-max-width:40rem] thread-lg:[--thread-content-max-width:48rem] mx-auto max-w-(--thread-content-max-width) flex-1 group\/turn-messages focus-visible:outline-hidden relative flex w-full min-w-0 flex-col agent-turn\" tabindex=\"-1\">\n<div class=\"flex max-w-full flex-col grow\">\n<div class=\"min-h-8 text-message relative flex w-full flex-col items-end gap-2 text-start break-words whitespace-normal [.text-message+&amp;]:mt-1\" dir=\"auto\" data-message-author-role=\"assistant\" data-message-id=\"4cee7130-f137-4332-8eb0-76a0ad727d26\" data-message-model-slug=\"gpt-5-1\">\n<div class=\"flex w-full flex-col gap-1 empty:hidden first:pt-[1px]\">\n<div class=\"markdown prose dark:prose-invert w-full break-words dark markdown-new-styling\">\n<p data-start=\"140\" data-end=\"322\"><strong data-start=\"140\" data-end=\"181\">COFFIT es mucho m\u00e1s que un caf\u00e9 fr\u00edo.<\/strong><br data-start=\"181\" data-end=\"184\" \/>Es la combinaci\u00f3n perfecta entre energ\u00eda y nutrici\u00f3n, dise\u00f1ada para personas activas que buscan rendir al m\u00e1ximo sin renunciar a cuidarse.<\/p>\n<p data-start=\"324\" data-end=\"699\">Nuestro caf\u00e9 proteico en lata une caf\u00e9 fr\u00edo de calidad con <strong data-start=\"383\" data-end=\"414\">15\u201320 g de prote\u00edna vegetal<\/strong>, ofreciendo una bebida funcional, ligera y f\u00e1cil de consumir en cualquier momento del d\u00eda. No contiene lactosa, es apto para dietas veganas y tiene un bajo contenido en az\u00facar, convirti\u00e9ndose en una alternativa saludable al caf\u00e9 tradicional y a las bebidas energ\u00e9ticas convencionales.<\/p>\n<p data-start=\"701\" data-end=\"935\">COFFIT est\u00e1 pensado para el ritmo de vida actual: antes de entrenar, despu\u00e9s del gimnasio, en la oficina o entre horas. Su formato en lata permite conservarlo fr\u00edo y llevarlo contigo donde quieras, sin preparaciones ni complicaciones.<\/p>\n<p data-start=\"937\" data-end=\"1126\">Apostamos por ingredientes seleccionados, un perfil nutricional equilibrado y un envase reciclable, porque creemos que el bienestar personal y el respeto por el entorno deben ir de la mano.<\/p>\n<p data-start=\"1128\" data-end=\"1183\"><strong data-start=\"1128\" data-end=\"1183\">COFFIT. Energ\u00eda que se bebe. Nutrici\u00f3n que se nota.<\/strong><\/p>\n<\/div>\n<\/div>\n<\/div>\n<\/div>\n<div class=\"z-0 flex min-h-[46px] justify-start\"><\/div>\n<\/div>\n<\/div>\n<\/article>\n<article class=\"text-token-text-primary w-full focus:outline-none [--shadow-height:45px] has-data-writing-block:pointer-events-none has-data-writing-block:-mt-(--shadow-height) has-data-writing-block:pt-(--shadow-height) [&amp;:has([data-writing-block])&gt;*]:pointer-events-auto scroll-mt-(--header-height)\" dir=\"auto\" tabindex=\"-1\" data-turn-id=\"662cff9f-7573-47eb-ad59-8f1b0bdd8849\" data-testid=\"conversation-turn-5\" data-scroll-anchor=\"false\" data-turn=\"user\">\n<h5 class=\"sr-only\"><\/h5>\n<\/article>\n","protected":false},"excerpt":{"rendered":"<p>Es recomendable mantener una alimentaci\u00f3n variada, moderada y equilibrada, as\u00ed como un estilo de vida activo y saludable.<\/p>\n","protected":false},"featured_media":196,"comment_status":"open","ping_status":"closed","template":"","meta":[],"product_brand":[],"product_cat":[18],"product_tag":[19],"class_list":{"0":"post-96","1":"product","2":"type-product","3":"status-publish","4":"has-post-thumbnail","6":"product_cat-productos-coffit","7":"product_tag-productos-co","9":"first","10":"instock","11":"sale","12":"shipping-taxable","13":"purchasable","14":"product-type-simple"},"yoast_head":"<!-- This site is optimized with the Yoast SEO plugin v27.4 - https:\/\/yoast.com\/product\/yoast-seo-wordpress\/ -->\n<title>Pack B\u00e1sico 96 Latas - cof-fit.es<\/title>\n<meta name=\"description\" content=\"Caf\u00e9 proteico fr\u00edo COFFIT con prote\u00edna vegetal, bajo en az\u00facar y sin lactosa. Energ\u00eda y nutrici\u00f3n en una lata, ideal para personas activas.\" \/>\n<meta name=\"robots\" content=\"index, follow, max-snippet:-1, max-image-preview:large, max-video-preview:-1\" \/>\n<link rel=\"canonical\" href=\"https:\/\/mrovira.santcugatesn.com\/index.php\/product\/cafe-proteico-frio-coffit\/\" \/>\n<meta property=\"og:locale\" content=\"es_ES\" \/>\n<meta property=\"og:type\" content=\"article\" \/>\n<meta property=\"og:title\" content=\"Pack B\u00e1sico 96 Latas - cof-fit.es\" \/>\n<meta property=\"og:description\" content=\"Caf\u00e9 proteico fr\u00edo COFFIT con prote\u00edna vegetal, bajo en az\u00facar y sin lactosa. Energ\u00eda y nutrici\u00f3n en una lata, ideal para personas activas.\" \/>\n<meta property=\"og:url\" content=\"https:\/\/mrovira.santcugatesn.com\/index.php\/product\/cafe-proteico-frio-coffit\/\" \/>\n<meta property=\"og:site_name\" content=\"cof-fit.es\" \/>\n<meta property=\"article:modified_time\" content=\"2025-12-17T21:36:09+00:00\" \/>\n<meta property=\"og:image\" content=\"https:\/\/mrovira.santcugatesn.com\/wp-content\/uploads\/2025\/12\/Diseno-sin-titulo-3.png\" \/>\n\t<meta property=\"og:image:width\" content=\"1920\" \/>\n\t<meta property=\"og:image:height\" content=\"1080\" \/>\n\t<meta property=\"og:image:type\" content=\"image\/png\" \/>\n<meta name=\"twitter:card\" content=\"summary_large_image\" \/>\n<meta name=\"twitter:label1\" content=\"Tiempo de lectura\" \/>\n\t<meta name=\"twitter:data1\" content=\"2 minutos\" \/>\n<script type=\"application\/ld+json\" class=\"yoast-schema-graph\">{\"@context\":\"https:\\\/\\\/schema.org\",\"@graph\":[{\"@type\":\"WebPage\",\"@id\":\"https:\\\/\\\/mrovira.santcugatesn.com\\\/index.php\\\/product\\\/cafe-proteico-frio-coffit\\\/\",\"url\":\"https:\\\/\\\/mrovira.santcugatesn.com\\\/index.php\\\/product\\\/cafe-proteico-frio-coffit\\\/\",\"name\":\"Pack B\u00e1sico 96 Latas - cof-fit.es\",\"isPartOf\":{\"@id\":\"https:\\\/\\\/mrovira.santcugatesn.com\\\/#website\"},\"primaryImageOfPage\":{\"@id\":\"https:\\\/\\\/mrovira.santcugatesn.com\\\/index.php\\\/product\\\/cafe-proteico-frio-coffit\\\/#primaryimage\"},\"image\":{\"@id\":\"https:\\\/\\\/mrovira.santcugatesn.com\\\/index.php\\\/product\\\/cafe-proteico-frio-coffit\\\/#primaryimage\"},\"thumbnailUrl\":\"https:\\\/\\\/mrovira.santcugatesn.com\\\/wp-content\\\/uploads\\\/2025\\\/12\\\/Diseno-sin-titulo-3.png\",\"datePublished\":\"2025-12-01T15:34:16+00:00\",\"dateModified\":\"2025-12-17T21:36:09+00:00\",\"description\":\"Caf\u00e9 proteico fr\u00edo COFFIT con prote\u00edna vegetal, bajo en az\u00facar y sin lactosa. Energ\u00eda y nutrici\u00f3n en una lata, ideal para personas activas.\",\"breadcrumb\":{\"@id\":\"https:\\\/\\\/mrovira.santcugatesn.com\\\/index.php\\\/product\\\/cafe-proteico-frio-coffit\\\/#breadcrumb\"},\"inLanguage\":\"es\",\"potentialAction\":[{\"@type\":\"ReadAction\",\"target\":[\"https:\\\/\\\/mrovira.santcugatesn.com\\\/index.php\\\/product\\\/cafe-proteico-frio-coffit\\\/\"]}]},{\"@type\":\"ImageObject\",\"inLanguage\":\"es\",\"@id\":\"https:\\\/\\\/mrovira.santcugatesn.com\\\/index.php\\\/product\\\/cafe-proteico-frio-coffit\\\/#primaryimage\",\"url\":\"https:\\\/\\\/mrovira.santcugatesn.com\\\/wp-content\\\/uploads\\\/2025\\\/12\\\/Diseno-sin-titulo-3.png\",\"contentUrl\":\"https:\\\/\\\/mrovira.santcugatesn.com\\\/wp-content\\\/uploads\\\/2025\\\/12\\\/Diseno-sin-titulo-3.png\",\"width\":1920,\"height\":1080},{\"@type\":\"BreadcrumbList\",\"@id\":\"https:\\\/\\\/mrovira.santcugatesn.com\\\/index.php\\\/product\\\/cafe-proteico-frio-coffit\\\/#breadcrumb\",\"itemListElement\":[{\"@type\":\"ListItem\",\"position\":1,\"name\":\"Home\",\"item\":\"https:\\\/\\\/mrovira.santcugatesn.com\\\/\"},{\"@type\":\"ListItem\",\"position\":2,\"name\":\"Productos\",\"item\":\"https:\\\/\\\/mrovira.santcugatesn.com\\\/index.php\\\/shop__trashed\\\/\"},{\"@type\":\"ListItem\",\"position\":3,\"name\":\"Pack B\u00e1sico 96 Latas\"}]},{\"@type\":\"WebSite\",\"@id\":\"https:\\\/\\\/mrovira.santcugatesn.com\\\/#website\",\"url\":\"https:\\\/\\\/mrovira.santcugatesn.com\\\/\",\"name\":\"cof-fit.es\",\"description\":\"\",\"publisher\":{\"@id\":\"https:\\\/\\\/mrovira.santcugatesn.com\\\/#organization\"},\"potentialAction\":[{\"@type\":\"SearchAction\",\"target\":{\"@type\":\"EntryPoint\",\"urlTemplate\":\"https:\\\/\\\/mrovira.santcugatesn.com\\\/?s={search_term_string}\"},\"query-input\":{\"@type\":\"PropertyValueSpecification\",\"valueRequired\":true,\"valueName\":\"search_term_string\"}}],\"inLanguage\":\"es\"},{\"@type\":\"Organization\",\"@id\":\"https:\\\/\\\/mrovira.santcugatesn.com\\\/#organization\",\"name\":\"cof-fit.es\",\"url\":\"https:\\\/\\\/mrovira.santcugatesn.com\\\/\",\"logo\":{\"@type\":\"ImageObject\",\"inLanguage\":\"es\",\"@id\":\"https:\\\/\\\/mrovira.santcugatesn.com\\\/#\\\/schema\\\/logo\\\/image\\\/\",\"url\":\"https:\\\/\\\/mrovira.santcugatesn.com\\\/wp-content\\\/uploads\\\/2025\\\/12\\\/cropped-cropped-task_01kchar5jefd3vdqgwwcej3rg0-1765813368_img_1-2-removebg-preview-1.png\",\"contentUrl\":\"https:\\\/\\\/mrovira.santcugatesn.com\\\/wp-content\\\/uploads\\\/2025\\\/12\\\/cropped-cropped-task_01kchar5jefd3vdqgwwcej3rg0-1765813368_img_1-2-removebg-preview-1.png\",\"width\":408,\"height\":213,\"caption\":\"cof-fit.es\"},\"image\":{\"@id\":\"https:\\\/\\\/mrovira.santcugatesn.com\\\/#\\\/schema\\\/logo\\\/image\\\/\"}}]}<\/script>\n<!-- \/ Yoast SEO plugin. -->","yoast_head_json":{"title":"Pack B\u00e1sico 96 Latas - cof-fit.es","description":"Caf\u00e9 proteico fr\u00edo COFFIT con prote\u00edna vegetal, bajo en az\u00facar y sin lactosa. Energ\u00eda y nutrici\u00f3n en una lata, ideal para personas activas.","robots":{"index":"index","follow":"follow","max-snippet":"max-snippet:-1","max-image-preview":"max-image-preview:large","max-video-preview":"max-video-preview:-1"},"canonical":"https:\/\/mrovira.santcugatesn.com\/index.php\/product\/cafe-proteico-frio-coffit\/","og_locale":"es_ES","og_type":"article","og_title":"Pack B\u00e1sico 96 Latas - cof-fit.es","og_description":"Caf\u00e9 proteico fr\u00edo COFFIT con prote\u00edna vegetal, bajo en az\u00facar y sin lactosa. Energ\u00eda y nutrici\u00f3n en una lata, ideal para personas activas.","og_url":"https:\/\/mrovira.santcugatesn.com\/index.php\/product\/cafe-proteico-frio-coffit\/","og_site_name":"cof-fit.es","article_modified_time":"2025-12-17T21:36:09+00:00","og_image":[{"width":1920,"height":1080,"url":"https:\/\/mrovira.santcugatesn.com\/wp-content\/uploads\/2025\/12\/Diseno-sin-titulo-3.png","type":"image\/png"}],"twitter_card":"summary_large_image","twitter_misc":{"Tiempo de lectura":"2 minutos"},"schema":{"@context":"https:\/\/schema.org","@graph":[{"@type":"WebPage","@id":"https:\/\/mrovira.santcugatesn.com\/index.php\/product\/cafe-proteico-frio-coffit\/","url":"https:\/\/mrovira.santcugatesn.com\/index.php\/product\/cafe-proteico-frio-coffit\/","name":"Pack B\u00e1sico 96 Latas - cof-fit.es","isPartOf":{"@id":"https:\/\/mrovira.santcugatesn.com\/#website"},"primaryImageOfPage":{"@id":"https:\/\/mrovira.santcugatesn.com\/index.php\/product\/cafe-proteico-frio-coffit\/#primaryimage"},"image":{"@id":"https:\/\/mrovira.santcugatesn.com\/index.php\/product\/cafe-proteico-frio-coffit\/#primaryimage"},"thumbnailUrl":"https:\/\/mrovira.santcugatesn.com\/wp-content\/uploads\/2025\/12\/Diseno-sin-titulo-3.png","datePublished":"2025-12-01T15:34:16+00:00","dateModified":"2025-12-17T21:36:09+00:00","description":"Caf\u00e9 proteico fr\u00edo COFFIT con prote\u00edna vegetal, bajo en az\u00facar y sin lactosa. Energ\u00eda y nutrici\u00f3n en una lata, ideal para personas activas.","breadcrumb":{"@id":"https:\/\/mrovira.santcugatesn.com\/index.php\/product\/cafe-proteico-frio-coffit\/#breadcrumb"},"inLanguage":"es","potentialAction":[{"@type":"ReadAction","target":["https:\/\/mrovira.santcugatesn.com\/index.php\/product\/cafe-proteico-frio-coffit\/"]}]},{"@type":"ImageObject","inLanguage":"es","@id":"https:\/\/mrovira.santcugatesn.com\/index.php\/product\/cafe-proteico-frio-coffit\/#primaryimage","url":"https:\/\/mrovira.santcugatesn.com\/wp-content\/uploads\/2025\/12\/Diseno-sin-titulo-3.png","contentUrl":"https:\/\/mrovira.santcugatesn.com\/wp-content\/uploads\/2025\/12\/Diseno-sin-titulo-3.png","width":1920,"height":1080},{"@type":"BreadcrumbList","@id":"https:\/\/mrovira.santcugatesn.com\/index.php\/product\/cafe-proteico-frio-coffit\/#breadcrumb","itemListElement":[{"@type":"ListItem","position":1,"name":"Home","item":"https:\/\/mrovira.santcugatesn.com\/"},{"@type":"ListItem","position":2,"name":"Productos","item":"https:\/\/mrovira.santcugatesn.com\/index.php\/shop__trashed\/"},{"@type":"ListItem","position":3,"name":"Pack B\u00e1sico 96 Latas"}]},{"@type":"WebSite","@id":"https:\/\/mrovira.santcugatesn.com\/#website","url":"https:\/\/mrovira.santcugatesn.com\/","name":"cof-fit.es","description":"","publisher":{"@id":"https:\/\/mrovira.santcugatesn.com\/#organization"},"potentialAction":[{"@type":"SearchAction","target":{"@type":"EntryPoint","urlTemplate":"https:\/\/mrovira.santcugatesn.com\/?s={search_term_string}"},"query-input":{"@type":"PropertyValueSpecification","valueRequired":true,"valueName":"search_term_string"}}],"inLanguage":"es"},{"@type":"Organization","@id":"https:\/\/mrovira.santcugatesn.com\/#organization","name":"cof-fit.es","url":"https:\/\/mrovira.santcugatesn.com\/","logo":{"@type":"ImageObject","inLanguage":"es","@id":"https:\/\/mrovira.santcugatesn.com\/#\/schema\/logo\/image\/","url":"https:\/\/mrovira.santcugatesn.com\/wp-content\/uploads\/2025\/12\/cropped-cropped-task_01kchar5jefd3vdqgwwcej3rg0-1765813368_img_1-2-removebg-preview-1.png","contentUrl":"https:\/\/mrovira.santcugatesn.com\/wp-content\/uploads\/2025\/12\/cropped-cropped-task_01kchar5jefd3vdqgwwcej3rg0-1765813368_img_1-2-removebg-preview-1.png","width":408,"height":213,"caption":"cof-fit.es"},"image":{"@id":"https:\/\/mrovira.santcugatesn.com\/#\/schema\/logo\/image\/"}}]}},"_links":{"self":[{"href":"https:\/\/mrovira.santcugatesn.com\/index.php\/wp-json\/wp\/v2\/product\/96","targetHints":{"allow":["GET"]}}],"collection":[{"href":"https:\/\/mrovira.santcugatesn.com\/index.php\/wp-json\/wp\/v2\/product"}],"about":[{"href":"https:\/\/mrovira.santcugatesn.com\/index.php\/wp-json\/wp\/v2\/types\/product"}],"replies":[{"embeddable":true,"href":"https:\/\/mrovira.santcugatesn.com\/index.php\/wp-json\/wp\/v2\/comments?post=96"}],"wp:featuredmedia":[{"embeddable":true,"href":"https:\/\/mrovira.santcugatesn.com\/index.php\/wp-json\/wp\/v2\/media\/196"}],"wp:attachment":[{"href":"https:\/\/mrovira.santcugatesn.com\/index.php\/wp-json\/wp\/v2\/media?parent=96"}],"wp:term":[{"taxonomy":"product_brand","embeddable":true,"href":"https:\/\/mrovira.santcugatesn.com\/index.php\/wp-json\/wp\/v2\/product_brand?post=96"},{"taxonomy":"product_cat","embeddable":true,"href":"https:\/\/mrovira.santcugatesn.com\/index.php\/wp-json\/wp\/v2\/product_cat?post=96"},{"taxonomy":"product_tag","embeddable":true,"href":"https:\/\/mrovira.santcugatesn.com\/index.php\/wp-json\/wp\/v2\/product_tag?post=96"}],"curies":[{"name":"wp","href":"https:\/\/api.w.org\/{rel}","templated":true}]}}